he prime factors of d.
3, 7, 73
List the prime factors of -9 + 32 + -17 + 8221/1 + 0.
19, 433
Let w = 8048 + 7053. What are the prime factors of w?
15101
Let t = 7837 + 14281. List the prime factors of t.
2, 11059
Suppose 3*f - 4*t = -f + 268, -2*t = -f + 68. Suppose 5*l + 46 = f. What are the prime factors of (2 + l - 3)*8?
2, 3
Suppose 53984 = -2*b + 16*b. What are the prime factors of b?
2, 241
Let m = 57328 + -36662. What are the prime factors of m?
2, 10333
Let h(f) = 3*f - 33. Let v be h(11). Suppose 5*u - 32 = -2*n, v*u - 5*u = -3*n - 52. Suppose -12 = 4*a, -2*a - u = -k - 0. List the prime factors of k.
2
Let w be (-1*12)/(-3) + 1. Suppose 0 = -w*i - 15, -3*o + 8*o - 394 = 3*i. Suppose -a - 67 = -x, -x - 2*a + a = -o. What are the prime factors of x?
2, 3
Suppose 2*h = -3*h + 9180. Suppose -4*d = -l + 6*l - 1836, 3*l = 4*d - h. What are the prime factors of d?
3, 17
Suppose -5*s + 86 = 2*q, 9*q - 4*q - s - 215 = 0. Suppose 6 = -g - 3*l, -3*g + 2*g = l. Suppose q + 26 = g*j. List the prime factors of j.
23
Suppose -531*g + 161475 = -526*g + w, 4*g - w - 129180 = 0. What are the prime factors of g?
3, 5, 2153
Let s = 424 + -284. Suppose -5*z + 175 = -r + 5*r, 5*r + s = 4*z. List the prime factors of z/3 + -1 + (-2)/(-6).
11
Let u = -563 - -1133. List the prime factors of u.
2, 3, 5, 19
Let b(x) = 8*x**3 + x**2 + 17*x + 14. Let p(c) = -4*c**3 - 8*c - 6. Let g(i) = -3*b(i) - 7*p(i). List the prime factors of g(4).
2, 3, 19
Suppose 57*a = -15*a + 1618776. What are the prime factors of a?
22483
Let n be 6/(-2) + (0/6)/(-6). Let b be 4/(16/4) - (2 + n). Suppose b*g - 100 = g. What are the prime factors of g?
2, 5
List the prime factors of -2*(-2)/6 + 32/(-12) + 9623.
3, 1069
Let d = 22005 - 2940. What are the prime factors of d?
3, 5, 31, 41
Let h be (-357712)/237*(-12)/2. Suppose 0 = 49*p - h - 65522. List the prime factors of p.
2, 761
Suppose 0*m + 3*t = -4*m + 2191, 5*m + t = 2725. Suppose -200 = -2*g + m. Let j = g - 189. What are the prime factors of j?
3, 61
Suppose -3 = -6*z + 57. Suppose -9*r - 3 = -z*r. Suppose -r*n = -4*n + 35. List the prime factors of n.
5, 7
Let d(v) = v**2 + 5*v - 11. Suppose 4*y + 77 = 33. Let k be d(y). Suppose -l + 5*o - k = -4*l, -4*o = -l + 7. What are the prime factors of l?
3, 5
Let p(o) = 5*o**3 - 69*o**2 - 54*o + 41. What are the prime factors of p(26)?
3, 13291
Suppose -5*x - 11*a = -8*a + 4681, -x + 4*a = 927. Let t = -545 - x. What are the prime factors of t?
2, 3, 5, 13
Let t = 183 + -183. Suppose -3*o + 765 = 3*d, -2*d = -2*o - t*o - 514. List the prime factors of d.
2
Let w(y) = -7*y + 16. Let v(l) = -6*l + 16. Let k(g) = 6*v(g) - 5*w(g). Let u be k(7). Let n(j) = j**3 - 8*j**2 - 4*j - 6. What are the prime factors of n(u)?
3, 13
Let z = -12968 + 14114. List the prime factors of z.
2, 3, 191
Let o be (4/6)/(10/525). Let q = o + -11. What are the prime factors of q/(-132) - (-398)/11?
2, 3
Let q be 42/(-2 - 1) - (-3 - -2). Let a(s) = -s**3 - 12*s**2 + 3*s - 17. Let f be a(q). Let t = -45 + f. List the prime factors of t.
2, 17
Let g = -9 - -13. Suppose l = 4*f - l - 94, -104 = -g*f + 4*l. Suppose x = 3*c + f, 5*x - 3 = 4*c + 146. List the prime factors of x.
3, 11
Suppose -2 = 5*m - 3*b + 2*b, 2*m - b = -2. Suppose m*d = -3*d + d. Suppose 2*z - 538 = -5*f, d = 3*f + 4*z - 71 - 263. What are the prime factors of f?
2, 53
Let y = -37341 - -53942. List the prime factors of y.
13, 1277
Let z(s) = -4*s**3 + 3*s**2 + 5*s + 1. Let p be z(-1). Suppose 6*c - 2010 = p*c. What are the prime factors of c?
2, 5, 67
Let o = 10290 + -3756. What are the prime factors of -22*(o/(-12))/11?
3, 11
Suppose -2*d = 3*d - 4425. Let c = -520 + d. What are the prime factors of c?
5, 73
Suppose -x = 44 - 47. Suppose -x*d + 2 = -0*d + 2*o, d + o - 2 = 0. Let y(w) = -15*w**3 - 2*w + 2. What are the prime factors of y(d)?
2, 3, 7
Let o be ((-1647)/(-305))/(3/180). Suppose 4*h - 1356 - 372 = 0. Suppose 4*x = -3*d + o, 4*d - h = 3*x - 6*x. List the prime factors of d.
2, 3
Suppose -2*l + 2*q + 3*q - 398 = 0, -2*l - q - 386 = 0. Let j(p) = -p**3 - 15*p**2 + 7*p - 8. Let y be j(-15). Let k = y - l. What are the prime factors of k?
3
Suppose 5*f + 568 = 1783. Let g = 373 - f. What are the prime factors of g?
2, 5, 13
Suppose -10*a - 20 = -5*a. What are the prime factors of (-2)/(-8) - 1479/a?
2, 5, 37
Let f be (-2064)/(-7) + (-1696)/(-112) + -16. Let g(h) = h**3 + 4*h**2 + 2*h - 1. Let q be g(-3). Suppose -f - q = -4*l. What are the prime factors of l?
2, 37
Let f be 3 - (6 + 0 - 8). Suppose -f*z = 2*u - 2363 - 5017, z - 1476 = -4*u. What are the prime factors of z?
2, 3, 41
Suppose -18 = -3*j + 2*c, -3*j - 2 = 5*c + 1. Suppose n + j*n = 6500. Suppose -13*r + n = 325. What are the prime factors of r?
3, 5
Let h(z) = -3*z**2 - 8*z + 7. Let u be h(-3). Suppose 3*i + 2*j - 179 = 0, 3*i - u*j = 182 + 9. List the prime factors of i.
61
Suppose 0 = -2*t + 15 - 7. Suppose 0 = -2*w - 4*m + 116, 0 = -0*m - 4*m - t. Suppose -56*v - 696 = -w*v. List the prime factors of v.
2, 3, 29
Let t(m) = -m**3 + 15*m**2 - m - 7. Let v be t(14). Suppose -18*r - v = -23*r. Let p = r - 18. What are the prime factors of p?
17
Let t = -1678 - -189. What are the prime factors of -2*t*(-3)/(-6)?
1489
Let v(g) = 150*g + 9870. List the prime factors of v(122).
2, 3, 5, 313
Suppose -1300 = k + 4*k. Let i be (-11)/(-13) + -1 + (-300)/k. What are the prime factors of -3 - 1*(i + -2) - -91?
89
Let r(i) = 123*i - 1252. What are the prime factors of r(11)?
101
Let l(r) be the second derivative of -40*r**3/3 - 131*r**2 + 140*r. List the prime factors of l(-13).
2, 389
Let b(m) = -26*m**2 - 6*m**2 + 151*m**3 + 13*m - 10 + 30*m**2. What are the prime factors of b(2)?
2, 19
Let s(w) = -w**2 + 6*w**3 + 0*w**2 - 6 - 14*w + 13*w - 13*w**2 - 10*w**3. List the prime factors of s(-8).
2, 577
Suppose m + 4*m - 4*q - 25 = 0, -q + 41 = 4*m. Suppose 2*i - m - 9 = 0. Suppose -i*w - 4*w + 156 = 0. List the prime factors of w.
2, 3
Suppose -16*w + 30 = -14*w. Let o be 174/w - (4 + 44/(-10)). Suppose 5*d + 4*q = o, 0*q = -3*q - 6. List the prime factors of d.
2
Let z = 166 + -174. Let a(q) = -79*q - 4. List the prime factors of a(z).
2, 157
Suppose 0 = 9*d - 1380 - 240. Suppose 2450*p = 2453*p - d. What are the prime factors of p?
2, 3, 5
Suppose -4*w = n - 4*n - 1878, -4*w + 5*n + 1874 = 0. List the prime factors of ((-4)/(-84) - (-2)/7)*w.
157
Suppose v + 289 = 291. Suppose 3*m = -4*l + v*l + 737, -376 = -l + m. List the prime factors of l.
373
List the prime factors of 3 + 15 - (-28349 + -6).
17, 1669
Suppose 4*v = -0*v + 9276. Let l(i) = -8*i - v - 16*i + 2321. List the prime factors of l(-4).
2, 7
Let d(s) be the second derivative of 3*s**5/20 - s**4/4 - 4*s**2 - 118*s. List the prime factors of d(3).
2, 23
Let w be 5 - -1 - 30/10. Let z(t) = 14*t - 22. Let x be z(w). Suppose 0 = 19*s - x*s + 2. What are the prime factors of s?
2
Suppose 8 = -22*f + 24*f. Suppose 0 = -5*b - f*b + 189. List the prime factors of (-23)/(b/(-28)*(-2)/(-6)).
2, 23
Suppose -5*y = 3*f - 9035, 0 = 4*y + 57*f - 52*f - 7241. List the prime factors of (y - 3) + (-2)/6*3.
2, 3, 5
Let u(h) be the third derivative of -h**6/12 + h**5/30 + 10*h**3/3 - 27*h**2. Let z be u(6). What are the prime factors of 3/(-12) + z/(-16)?
3, 43
Let l(h) = 5*h + 1. Let m be l(-2). Let t be (-34)/m + (-12)/(-54). Suppose -t*z = -9*z + 520. List the prime factors of z.
2, 13
Suppose -147*z + 145*z = 4*b - 23946, 5*z - 4*b = 59893. What are the prime factors of z?
7, 29, 59
Let u(f) = 74*f - 2 + 69*f - 1. Let n = -50 + 51. What are the prime factors of u(n)?
2, 5, 7
Let c(r) = r**3 + 5*r**2 + 7. Let s be c(-5). Let o(f) = 2 - s*f + 2*f**2 - 22 + 9. List the prime factors of o(9).
2, 11
Suppose -69*v + 34*v = 56*v - 5252884. List the prime factors of v.
2, 14431
Suppose 50*c + 12522 = -9811 + 4083. Let m(j) = j - 241. Let k be m(0). Let p = k - c. What are the prime factors of p?
2, 31
Let q(g) be the second derivative of 11*g**3/6 - 69*g**2/2 - 3*g + 11. What are the prime factors of q(26)?
7, 31
Suppose 44352 = 2*k + 3*k - 42143. List the prime factors of k.
17299
Let d = -2257 - -2769. List the prime factors of d.
2
Let r(x) = -338*x**2 + 9*x - 26. Let n be r(3). Let b = -1771 - n. List the prime factors of b.
2, 5, 127
Suppos